
Is 284893409 a prime number?
False
Is 7089643 a composite number?
True
Is 266129797 a composite number?
True
Is 13504033 prime?
True
Is 623064257 a composite number?
True
Is 14806709 a composite number?
False
Is 29459333 composite?
False
Is 259085 a prime number?
False
Is 117606073 a prime number?
False
Is 36047771 a composite number?
True
Is 28069219 prime?
False
Is 2893987 a composite number?
False
Is 21234427 a composite number?
False
Is 413188649 composite?
True
Is 3837397 a prime number?
False
Is 1895167 composite?
False
Is 13542481 composite?
True
Is 615187 prime?
True
Is 19482861 a prime number?
False
Is 1728947 prime?
False
Is 411540107 prime?
False
Is 3721411 a composite number?
False
Is 73181 a composite number?
False
Is 101210819 composite?
False
Is 137146159 a prime number?
True
Is 17288299 composite?
True
Is 319091207 a prime number?
False
Is 1494151 a composite number?
False
Is 2046553 a prime number?
True
Is 660347971 a prime number?
True
Is 16565117 prime?
True
Is 42937793 composite?
False
Is 3623069 composite?
False
Is 1735597 a prime number?
False
Is 8436877 composite?
False
Is 5635667 a composite number?
True
Is 271822371 composite?
True
Is 121543 a composite number?
True
Is 531693623 prime?
False
Is 2979329 composite?
False
Is 11009519 a composite number?
True
Is 32202523 prime?
True
Is 7597979 prime?
True
Is 136517 prime?
False
Is 9520307 a composite number?
False
Is 5569379 prime?
True
Is 2973331 prime?
True
Is 3197209 a prime number?
False
Is 688341323 composite?
False
Is 4252967 a prime number?
False
Is 3343883 a composite number?
True
Is 2239301 a prime number?
True
Is 26509981 a prime number?
False
Is 388478793 a composite number?
True
Is 8660437 a composite number?
False
Is 7529297 a composite number?
False
Is 17388991 prime?
True
Is 20527879 prime?
False
Is 2210197 prime?
False
Is 261959 a composite number?
False
Is 855293 prime?
True
Is 6803803 prime?
False
Is 5423737 prime?
False
Is 89113961 a prime number?
True
Is 6824305 prime?
False
Is 3287803 a composite number?
False
Is 50002417 a composite number?
False
Is 24292759 composite?
True
Is 1860179 composite?
False
Is 1224437311 a composite number?
True
Is 40583651 a prime number?
True
Is 5481559 a prime number?
False
Is 5452651 a prime number?
True
Is 19930271 a prime number?
True
Is 235918229 prime?
True
Is 24630211 a prime number?
False
Is 13237711 composite?
True
Is 4554683 prime?
False
Is 14253121 a prime number?
True
Is 491383 composite?
True
Is 282973 a prime number?
True
Is 4001893 prime?
False
Is 1473163 prime?
False
Is 629217101 composite?
False
Is 22234853 composite?
False
Is 18331913 prime?
True
Is 520861 a prime number?
False
Is 39152537 composite?
True
Is 40879 composite?
False
Is 9103799 a prime number?
True
Is 132484897 a composite number?
False
Is 98050999 a composite number?
True
Is 193992119 a composite number?
True
Is 42583 composite?
True
Is 118423 a prime number?
True
Is 28906211 a prime number?
True
Is 26094997 a prime number?
False
Is 31490653 a prime number?
False
Is 10337857 a prime number?
True
Is 2225477 composite?
True
Is 76650869 a composite number?
False
Is 8169541 prime?
True
Is 35806399 a prime number?
True
Is 3704017 prime?
True
Is 4204091 prime?
True
Is 7734731 composite?
False
Is 49784071 composite?
True
Is 287857523 prime?
False
Is 15242389 composite?
True
Is 75387121 a composite number?
False
Is 9755651 a composite number?
False
Is 74534803 prime?
False
Is 3679631 a prime number?
False
Is 3743783 a prime number?
False
Is 416241737 composite?
False
Is 33691069 a composite number?
True
Is 1610465 a prime number?
False
Is 14806367 a prime number?
False
Is 2046097 a composite number?
True
Is 23234129 prime?
True
Is 31546553 a prime number?
True
Is 33685877 a prime number?
False
Is 2246831 prime?
True
Is 37218637 a composite number?
True
Is 76052923 composite?
False
Is 264211 a prime number?
True
Is 16674503 a prime number?
False
Is 78041503 a composite number?
False
Is 254676617 a composite number?
True
Is 2019768223 composite?
True
Is 29339239 composite?
False
Is 395435 a prime number?
False
Is 74063521 prime?
False
Is 13678477 prime?
False
Is 4325813 prime?
True
Is 2435917 composite?
True
Is 349272103 prime?
True
Is 9257417 a composite number?
True
Is 67676213 a prime number?
False
Is 27520477 prime?
True
Is 2496293 prime?
True
Is 37581079 a prime number?
True
Is 12534415 a composite number?
True
Is 29574851 composite?
False
Is 16014079 composite?
True
Is 10009777 composite?
False
Is 5609111 a prime number?
True
Is 149776247 prime?
True
Is 3098503 a prime number?
False
Is 7920569 a composite number?
False
Is 1211261 a composite number?
False
Is 25145599 a composite number?
False
Is 1007499 a composite number?
True
Is 5671721 prime?
False
Is 76804787 a prime number?
False
Is 7239305 a composite number?
True
Is 78450787 prime?
False
Is 36721439 a composite number?
False
Is 122435567 prime?
True
Is 12999043 a composite number?
False
Is 54817271 a prime number?
False
Is 1191529 a composite number?
False
Is 265480273 composite?
False
Is 10232039 composite?
True
Is 419119079 prime?
True
Is 596152853 composite?
False
Is 72260803 composite?
True
Is 1264789 a composite number?
True
Is 5189113 a composite number?
False
Is 182673167 a prime number?
True
Is 48833609 prime?
False
Is 35038903 prime?
True
Is 822487 a prime number?
False
Is 3144059 a prime number?
True
Is 25913919 prime?
False
Is 93011 a prime number?
False
Is 421303 composite?
False
Is 15240287 a prime number?
False
Is 17150849 a prime number?
False
Is 2882819 prime?
False
Is 6811213 a composite number?
False
Is 319851381 a prime number?
False
Is 38989207 a prime number?
False
Is 1008377 a composite number?
True
Is 3991399 prime?
True
Is 4335839 a prime number?
False
Is 13858511 a prime number?
False
Is 693307 a composite number?
True
Is 102761059 prime?
True
Is 28797499 a prime number?
True
Is 933047 composite?
False
Is 6308197 composite?
True
Is 943879 a prime number?
False
Is 4465453 prime?
True
Is 9175643 a prime number?
False
Is 662369 composite?
False
Is 12367291 a prime number?
True
Is 26684771 prime?
True
Is 111538859 prime?
True
Is 93657457 a prime number?
True
Is 2160671 a prime number?
True
Is 2662811 composite?
False
Is 5107967 composite?
False
Is 1081547 a composite number?
True
Is 270082727 prime?
False
Is 164119889 a composite number?
False
Is 232858021 a composite number?
True
Is 6050423 prime?
False
Is 26073679 composite?
False
Is 7746646 a composite number?
True
Is 27872011 composite?
True
Is 4504679 a prime number?
False
Is 191202783 a prime number?
False
Is 91929413 a prime number?
False
Is 408806621 composite?
False
Is 7270343 composite?
False
Is 1601887141 a composite number?
True
Is 6534971 prime?
False
Is 5099873 a prime number?
True
Is 10146947 prime?
False
Is 224926721 composite?
True
Is 86225473 a prime number?
True
Is 29485981 prime?
False
Is 112655551 composite?
False
Is 121229 a composite number?
False
Is 30001187 a composite number?
True
Is 328373 composite?
False
Is 120347065 a prime number?
False
Is 165011179 composite?
False
Is 72343289 prime?
True
Is 19100359 composite?
False
Is 94605479 a prime number?
False
Is 65669837 composite?
True
Is 2655662 prime?
False
Is 3762537 a composite number?
True
Is 65434123 a prime number?
False
Is 689202769 a prime number?
True
Is 852001 a prime number?
False
Is 412277 a prime number?
True
Is 105519143 a prime number?
True
Is 3606347 composite?
False
Is 188260301 composite?
False
Is 10250638 a prime number?
False
Is 90912791 a prime number?
False
Is 5885777 prime?
True
Is 5176201 composite?
True
Is 3822821 prime?
True
Is 22820297 composite?
False
Is 9535178 composite?
True
Is 6261599 composite?
True
Is 3500149 composite?
False
Is 1856233 a composite number?
False
Is 1811039 prime?
False
Is 45397 a prime number?
False
Is 1915099 a prime number?
True
Is 357361 prime?
False
Is 194492329 prime?
False
Is 5102177 composite?
False
Is 872731 prime?
True
Is 274325159 composite?
True
Is 67859861 prime?
True
Is 487507 a prime number?
True
Is 27913769 composite?
True
Is 450193 composite?
False
Is 3233051 a composite number?
False
Is 272069393 composite?
False
Is 15827347 a prime number?
False
Is 10430203 a prime nu